 -2 - -1 - (8 - 8).
0
Calculate -8 - -2 - -1 - (-10 - 0).
5
What is 4 + (10 - 19) + 4?
-1
What is the value of 2 + -1 - (-8 + 8 + -4)?
5
Evaluate 17 + -7 + -19 + 1.
-8
-15 - -15 - (6 + 0)
-6
What is 6 + -3 + 15 + -11?
7
Calculate 1 - (4 - 6) - -5.
8
What is -4 + (0 - (-3 + 1)) + 4?
2
What is (-7 - (-3 + -4 + 5)) + 2?
-3
Calculate (1 - 1) + (6 - 9) + -4.
-7
-3 - (-3 - (-2 - (-1 - 0)))
-1
What is (-138 - -141) + (-9 - (-1 - -1))?
-6
Evaluate -3 - 5 - -5 - 4.
-7
What is the value of (-6 - -3) + (0 - -4 - 1)?
0
What is the value of 3 - (-11 + 8 + -2 + 3)?
5
Evaluate 5 + -1 - (-37 + 40).
1
Evaluate (3 - (-1 + -2)) + -4.
2
Evaluate 3 - -1 - 1 - (-64 - -61).
6
Evaluate -6 - (-21 + 5 - -11).
-1
What is the value of 1 + (2 + 4 + -2 - 2)?
3
Evaluate (-5 - (-7 - -4)) + (1 - -3).
2
What is the value of 4 + (2 - (9 + -8))?
5
What is the value of 15 - 0 - (149 - 139)?
5
1 - (-1 - (9 + -15))
-4
Calculate -1 + -10 - (4 + -3 + -6).
-6
What is the value of 2 + 3 + (2 - 0) + -2?
5
What is -17 - (0 - (-6 + 14))?
-9
Evaluate -1 + 1 + (2 - 3) + 7.
6
Evaluate -4 - (-2 - -3) - -4.
-1
Evaluate -6 + -1 + 2 + -2 + 5.
-2
Calculate -59 + 48 - (1 + -11).
-1
(-8 - -1) + 9 - (1 - -1)
0
Evaluate 6 + 0 + -11 + 4.
-1
Evaluate 9 + (-8 - 1 - -2).
2
Evaluate (15 - 16) + -4 + 0 + 1.
-4
-3 + 4 + -4 + 5
2
What is 7 - (-4 - (-9 + 3))?
5
What is -10 + (5 - (-7 - -12))?
-10
What is the value of -8 - (-12 - (-5 - 3))?
-4
Calculate -3 - 0 - (2 + (-2 - 2)).
-1
What is the value of 13 + -1 + (-56 - -50) - -2?
8
Evaluate (-7 - -3) + 4 + (-4 - -1).
-3
Evaluate 1 + (11 - 25) + 12.
-1
What is (-13 - (-1 + -7)) + (1 - 3)?
-7
What is the value of -4 + (2 - (-3 - -3))?
-2
Calculate (-7 - -3) + 3 + 1.
0
What is (-1 - -6) + -3 + 1 + -8?
-5
What is the value of -75 + 67 - (7 + -3 - 2)?
-10
What is the value of -2 - -9 - (0 - -4)?
3
Calculate (-17 - -14) + 6 + 0.
3
What is the value of (11 - 2) + -6 + 4?
7
Evaluate -4 + 1 + -2 + 1 + 7.
3
(-9 - -3) + 9 + -2
1
8 - (-5 + (14 - (6 - 1)))
4
Evaluate 4 + 1 + -1 + 5 + -4.
5
1 - (-3 - (2 + -9))
-3
Evaluate -8 + (0 - -9) - 4.
-3
What is the value of -6 - -8 - (3 + -5)?
4
What is the value of 7 - (2 - (2 + (0 - 4)))?
3
Evaluate -7 + 2 + (1 - -5).
1
Evaluate -11 + -1 + (6 - 0) - -15.
9
(3 - 0) + -1 + -7
-5
Calculate 4 + -4 - (4 - 2) - -3.
1
(1 - (1 + 0 + 2)) + 3
1
Evaluate (-4 + 3 - 6) + 3.
-4
-17 - (9 + -2 + -17)
-7
What is -5 - 1 - (157 + -162)?
-1
Evaluate -6 - (-7 - (-1 - -4)).
4
Calculate -1 + 1 + (0 + 2 - 0).
2
What is 3 - (1 + -4 - (0 + -1))?
5
What is -4 - (-9 + (1 - -2))?
2
Evaluate -6 - (-12 + 6 - (1 - 4)).
-3
What is the value of -1 + 0 - (3 - 4)?
0
Calculate 8 + -17 + 10 + (-1 - 4).
-4
Calculate (0 - 1) + (-8 - 0) + 4.
-5
Calculate 26 - 39 - (-8 + 1).
-6
What is the value of (15 - 12) + (-2 - -1 - -2)?
4
Evaluate -3 + 16 + -22 + 15.
6
Evaluate 7 - (2 + -2 - -2).
5
What is the value of 3 + 1 - (-2 + 12 - 4)?
-2
Calculate 21 + -16 - (3 + -2).
4
Evaluate (-2 - -18) + -8 - 5.
3
What is the value of 9 - 7 - (-3 - -2)?
3
What is 3 + (-3 - -2) + 3?
5
What is 0 + 6 + (15 + 0 - 10)?
11
Evaluate 1 + 2 + 2 + (-2 - 1).
2
What is the value of 2 + (-1 - -4 - 2) + 1?
4
What is 7 + (-3 - (3 + -3))?
4
Calculate -54 + 53 + (-4 - 1).
-6
-6 + (7 - (-2 - -6))
-3
What is the value of 10 + -3 + -9 + -5?
-7
Evaluate (6 - 6) + (8 - 5).
3
(-1 - (-2 - 3) - 0) + 2
6
What is (10 - 3) + -14 - -10?
3
2 + 0 + (-18 - -11)
-5
What is -65 - -54 - (-2 + -10)?
1
-8 - ((-14 + 6 - 1) + 4)
-3
Evaluate (6 - (10 + 2)) + 3.
-3
Evaluate -3 + -5 + (-2 - -9).
-1
What is the value of 2 + (-7 - (-1 + -1))?
-3
Calculate (-1 - -1) + (0 - 4).
-4
4 + 0 + (-2 - -4 - -4)
10
What is 4 - ((-2 - -8) + 0 + -2)?
0
Evaluate -5 + (-3 - -11 - 10).
-7
(-26 - -23) + (2 - 4)
-5
What is the value of 32 + -29 + (0 - 3)?
0
What is 1 + (0 - -1) - -2?
4
What is the value of -3 + 2 + (5 - 7) + 2?
-1
What is the value of -7 + 4 - (2 - 1)?
-4
Evaluate 5 - (3 + -7 + (2 - -4)).
3
What is the value of -1 + 7 + -8 - 1?
-3
1 + -5 + -1 + (1 - 0)
-4
Calculate -2 + -4 - -2 - (-9 - -4).
1
Evaluate (-4 - -9) + -12 + 8.
1
Calculate -3 + (7 + -8 - (-6 + 2)).
0
-11 + 0 + 3 + 5
-3
What is 0 + 3 + -3 - (1 - 0)?
-1
What is the value of (8 - 9 - 9) + 3?
-7
What is the value of -2 + 6 + (-8 - (-9 - -3))?
2
Evaluate 0 + 1 + (5 + -1 - 5).
0
Evaluate 3 + -4 - 1 - -1 - 6.
-7
Calculate (11 - (0 - -2)) + -5.
4
What is the value of -7 - -5 - -1 - -3?
2
What is the value of -3 + 16 + -8 + -1 + -2?
2
7 - (-5 - 2 - (0 + -11))
3
Evaluate 0 - (-3 - (-3 + (-2 - -3))).
1
Calculate 1 + -3 + (-1 - -1).
-2
Evaluate 1 + 9 + 11 + -11.
10
What is the value of (-1 + 7 - 12) + -1 + 0?
-7
What is 1 + 3 + 4 + -1 - 1?
6
-1 + (4 - 5) - -1
-1
What is 1 + (1 - -5) + -4?
3
What is -1 + -6 + -4 + 2?
-9
3 - (-1 + 2 - -3 - -3)
-4
Evaluate (-8 + 13 - 8) + (3 - -1).
1
Evaluate 6 - (2 + -1 - (-22 - -23)).
6
What is -4 + -1 + 2 + 3 - 4?
-4
What is the value of 5 + (4 - 4) + -4?
1
Evaluate 4 - -3 - 1 - (0 + 5).
1
What is 1 + -4 + (-23 - -22)?
-4
Evaluate -1 - -3 - (5 - 3).
0
Calculate -5 - ((5 - -2) + -16) - 3.
1
What is (4 - (-3 + 2)) + (214 - 212)?
7
What is the value of -14 + (4 - -6) + (-2 - -14)?
8
What is -3 + 1 + -5 + 10 + -8?
-5
What is 8 + (-6 + 16 - 7)?
11
What is 40 + -39 + (1 - 4)?
-2
Evaluate 3 + (0 - 10) + (-37 - -35).
-9
What is 4 + (-3 - (-4 + 3))?
2
Calculate 1 + 0 - (1 - (3 - 2)).
1
-3 + 3 + (-3 - (-9 + 1))
5
What is the value of 8 - (-3 + 8 - (-1 - -2))?
4
What is the value of -2 + -7 + (3 - 0) + 1?
-5
Evaluate 3 + -12 - (1 + -15).
5
Calculate 1 + (-6 - (-5 - 2)).
2
What is -12 + (2 - -4) + 8?
2
Evaluate (-7 - -7) + (2 - (6 + 0)).
-4
What is the value of 6 + (-3 - (0 + 3)) + 5?
5
What is the value of 87 + -84 - (1 + -1 + -1)?
4
What is the value of (7 - 7) + -2 - (-1 + 2)?
-3
What is 1 - (8 + (1 - 9))?
1
Calculate -4 + 1 + -2 - (3 + -2).
-6
(-1 + 4 - 2) + (-3 - 1)
-3
What is the value of (-10 + 3 - -1) + 5?
-1
What is the value of (-4 - 2) + 6 - 6?
-6
Calculate 7 + (-5 - (1 - 3)) + -3.
1
What is the value of 10 + (-8 - (-4 - -15))?
-9
What is the value of 1 + (1 - 12) + 6 - -3?
-1
What is -2 - (-6 + -1 + 5)?
0
Evaluate -9 + 10 - (2 + -4).
3
26 + -22 - (0 + 8)
-4
What is the value of -161 + 156 - (0 - -1 - 0)?
-6
What is the value of -2 + (1 + -6 - -10) + -8?
-5
Calculate (-2 - (13 - 6)) + 2.
-7
-2 + (-1 + 4 - (-3 - -7))
-3
Evaluate 1 + -3 + 0 - (40 + -44).
2
(-2 - ((-4 - 7) + 1)) + -3
5
Calculate -70 + 69 - (0 - -8).
-9
Evaluate 15 - (3 - 2) - (-4 + 10).
8
What is the value of (4 - 4) + 7 + -6?
1
Calculate -3 + (6 - (-1 + 5 - -1)).
-2
What is 6 + 3 + -7 + 4?
6
Calculate 0 + 0 + -10 + 5.
-5
What is (0 - 4) + (-19 + 40 - 15)?
2
Evaluate -14 + 10 - (-10 - -4).
2
Evaluate 8 - 11 - (1 + -1).
-3
(5 - (-1 - -14)) + (7 - 0)
-1
(6 - (-3 + 6)) + (1 - 1)
3
What is the value of (1 + 0 - 1 - -4) + -2?
2
Calculate 2 - (1 - -1 - -1) - -4.
3
Calculate -1 - (4 - (6 + -1)).
0
Calculate 1 - -3 - (-4 + -1 + 3).
6
Calculate 11 - 8 - (-2 - -8).
-3
What is 13 - (5 - (0 + 0 + -1))?
7
What is the value of 9 + (-13 - -3) - 3?
-4
16 + -15 + (-1 - 8) - -4
-4
What is -8 + (1 - -4 - -13)?
10
What is (-1 - 2) + (5 - 11) + 6?
-3
Evaluate 7 - (2 + 2 - (-1 + -2)).
0
Evaluate 5 + 3 - (12 + (-15 - -9)).
2
Calculate 4 - 0 - (12 - 3).
-5
What is the value of -5 + (-2 - -1) + -15 + 22?
1
Evaluate 5 - (5 - (-2 + 5)).
3
What is (-2 - 1) + 142 + -136?
3
-1 + (3 - -6) - (-37 - -37)
8
What is -3 - (1 + -2) - -4?
2
Evaluate -6 - (-1 + -3 - (0 - 1)).
-3
Evaluate 4 + 2 - (9 - 7 - -9).
-5
Evaluate 21 + -18 - (6 - 1).
-2
Calculate 1 + 0 - (12 - 16).
5
What is the value of 4 + (-12 - -13) - (-2 - -1)?
6
-3 - (6 - (3 + 1))
-5
8 - (5 - (5 - 5))
3
Evaluate -2 - (-2 - (2 + -1)).
1
What is -1 + -5 + 10 + (-3 - 3)?
-2
Calculate 0 + 4 + -3 + 2.
3
Calculate (-9 - (-6 + 2) - -4) + 2.
1
What is 3 + 3 + -3 + 5 + -4?
4
What is the value of 1 + -2 - (-5 - -2 - -1)?
1
What is the value of 7 - ((1 - -5) + -39 + 38)?
2
-2 - ((4 + 0 - 2) + 0)
-4
-5 + 0 + -5 + 12
2
Evaluate -4 + (4 - 1 - 4) + 5.
0
What is -8 + 0 + (20 - (4 - -2))?
6
What is the value of -2 - (10 - (10 + -8))?
-10
What is the value of 106 + -123 - (-11 + 1)?
-7
Calculate 6 - (0 + (6 - -3)).
-3
Calculate 3 - (7 - (2 - (2 + -1))).
-3
Calculate (21 - 21) + (-3 - -2).
-1
What is (6 + 14 - 10) + 0?
10
Calculate 2 - (-3 - -3) - (-2 + 8).
-4
Calculate -4 + 7 +